+ 26*w - 28. Let n(b) = -13*l(b) - 6*z(b). Calculate n(s).
24
Suppose -37*o + 23*o + 82 = 54. Let s(k) be the first derivative of -8 - 11/3*k**3 - k + 0*k**o. Give s(-1).
-12
Suppose 0 = -14*i - 1099 + 1239. Let g(j) = j**2 - 16*j + 23. Give g(i).
-37
Suppose -21*x - 1508 = 31*x. Let i(l) = -l**3 - 30*l**2 - 27*l + 87. Calculate i(x).
29
Let r be (-105)/4*264/(-462). Let u(f) = -f**3 + 16*f**2 - 17*f + 43. Determine u(r).
13
Suppose -23 = 3*q - 5. Let y be (-1)/1*72/((-72)/6). Let k(v) = 40*v - 13*v - 12*v - 5 - y*v**2 - 14*v - v**3. Give k(q).
-11
Suppose -3*z - 4*t + 8 = 0, 5*z + 80 = -8559*t + 8564*t. Let o(q) = -5*q**2 + 8*q - 2. Let f(i) = 14*i**2 - 24*i + 7. Let u(m) = 6*f(m) + 17*o(m). What is u(z)?
8
Let i(m) = 2*m + 20. Suppose -392 = -6*k + 388. Suppose 120*p - 170 = k*p. Give i(p).
-14
Suppose -17*o + 14*o = -24. Let y be -3*(30/(-144) + (-1)/o). Let r(x) = y + 3 - 5*x + 2*x + 2*x. Give r(-5).
9
Let x(y) = 3*y + 18. Let i(d) = 8*d + 53. Let z be ((-71)/(-7) + -11)*28/(-6). Let n(t) = z*i(t) - 11*x(t). Determine n(0).
14
Let i(y) = -y**3 + 7*y**2 - 6*y + 2. Let s = 17 - 11. Let n be i(s). Let k(g) = 1 + 0*g + n + 7*g - 2*g + g**2. Calculate k(-5).
3
Let y(b) = -42*b + 1625. Let v(i) = -13*i + 500. Let j(l) = -13*v(l) + 4*y(l). Suppose 8 - 2 = -3*d. Calculate j(d).
-2
Let o be 4 - ((-8)/(-5))/((-48)/120). Let a(s) = -8*s + 41. What is a(o)?
-23
Suppose -95*r + 70*r + 513 = 488*r. Let w(q) be the third derivative of 3*q**2 + 0 + 0*q**4 + 0*q - 1/8*q**6 - 1/60*q**5 + 0*q**3. Determine w(r).
-16
Let f(w) = -13*w**2 + 8*w - 2*w + 9*w**2 + 5 - w**3. Let n(c) = -21*c + 121. Let u be n(6). Calculate f(u).
0
Let y(q) = -3*q**2 - q - 3. Let k(b) = b**2 + 1. Let h(z) = -4*k(z) - y(z). Let c = -44437 - -44437. Determine h(c).
-1
Let t(b) = -2*b**2 + 4. Let a(l) = -l**3 + 3*l**2 - 14*l + 16. Let s(x) = a(x) - 2*t(x). Calculate s(4).
0
Let x(c) = c**2 - 2*c + 6. Let v be x(-4). Let t be (-40)/v*6/4. Let m be 4 - 5 - t/(-1). Let p(n) = n**2 + 2*n + 1. Calculate p(m).
4
Let b(m) = -269*m + 157. Let z(a) = 49*a - 32. Let i(c) = -2*b(c) - 11*z(c). Calculate i(10).
28
Suppose 8 = -5*u - 17. Let l(r) = -7*r**3 + r**2 - 8*r. Let x(o) = -41*o**3 + 13*o**2 - 41*o. Let b(c) = 6*l(c) - x(c). What is b(u)?
-15
Let n = 346 + -257. Let d(b) = -3*b - b**2 - b**3 + 88 + 4*b - n. Determine d(-2).
1
Let o(b) = -b**3 - 12*b**2 + b + 11. Let i = 109 - 210. Let z = i - -89. Determine o(z).
-1
Let x = 6500 + -6483. Let z(p) = 2*p - 10. Let c be z(9). Suppose -c*w + 55 = -x. Let h(a) = a**2 - 8*a + 1. What is h(w)?
10
Let j = 19948 - 19949. Let b(i) = 14*i**2 - i + 1. Give b(j).
16
Let g(c) be the second derivative of c**4/3 - 7*c**3/6 + 3*c**2/2 + 12095*c. Calculate g(2).
5
Let s be (-1)/30*-4 - (-86)/30. Let p(v) = 220*v**2 - 222*v**2 + v**3 + 0*v**s. Give p(2).
0
Let n(p) = -p**2 + p - 14. Suppose -16*y + 13*y - 2*i = 1423, 3*y = 2*i - 1439. Let h = y + 477. Calculate n(h).
-14
Let t(g) = 31*g**2 - 145 - 149 + 292 + g**3. Calculate t(-31).
-2
Let h be (-144)/(-10) + (-21)/(-35). Suppose 9 = 4*m - h. Let p(y) = y**3 - 7*y**2 + 5*y + 12. Let j be p(m). Let v(w) = w**2 - 5*w. Determine v(j).
6
Let p(j) = -j**3 + 18*j**2 - 18*j - 31. Let r = -23420 + 23437. What is p(r)?
-48
Let p(h) = h**3 - 7*h**2 + 2*h - 8. Let d be ((-35)/7)/(-5) + (2 - 1). Suppose 0 = d*z - 55 + 11. Suppose 34 + z = 8*q. Calculate p(q).
6
Let v = -4688 + 4696. Let q(w) = -2*w - 2*w - 6 + 5*w. Determine q(v).
2
Let n(x) be the third derivative of -x**4/8 + x**3/2 + 4*x**2 - 2*x + 590. Let g = -1 - -2. What is n(g)?
0
Let x(l) be the third derivative of -l**3 - 2*l**2 + 0*l + 5/24*l**4 - 1/10*l**5 - 5 + 1/120*l**6. Give x(5).
-6
Let x(k) be the second derivative of k**4/12 + k**3/6 + k**2/2 - 34*k. Let v = -64 + 66. Give x(v).
7
Let n(q) = 0 - 2 + 1343*q - 681*q - q**2 - 668*q. Calculate n(-5).
3
Suppose -4*t = -2*b + 5 + 9, 4*b = -t + 19. Suppose 4*s - 18 = -b*s. Let w(y) = y**3 + 15*y - 5*y**s - 6*y - 3*y**2. Determine w(6).
-18
Let v(s) = -s**2 - 3*s - 2. Let z be (-2304)/15 + 66/(-15) + 4. Let n = z - -151. Give v(n).
-2
Let s(c) be the second derivative of c**3/2 + 5*c**2/2 - 815*c. Give s(-3).
-4
Let j(r) = 46*r + 8 + 3 - 33*r - 5. Determine j(3).
45
Let j(g) = -4*g. Suppose -4*q = 4, 3*q + 1714 = 5*s - 2649. Let r(t) = -2*t + 4*t + 878 - s - t**2. Let a be r(3). Give j(a).
-12
Let l(g) = -64*g + 60. Let f(s) = 30*s - 27. Let h(r) = 13*f(r) + 6*l(r). Calculate h(1).
15
Let q(c) = c**2 + 9*c + 5. Let d be (184/(-32) + 5)*-4. Let m be (-143 - -146)*((-7)/d - 1). Determine q(m).
15
Let f(i) = i**3 - 27*i**2 + 74*i - 40. Let q(z) = -1. Let n(s) = -f(s) + q(s). Give n(24).
-9
Let k(j) be the third derivative of -j**5/60 - j**4/3 - j**3/2 - 26*j**2 - j. Let s(m) = -m**2 + 8*m - 21. Let z be s(5). Give k(z).
9
Let d(x) be the second derivative of x**6/120 + 3*x**5/20 - 7*x**4/12 - 7*x**3/3 - 53*x**2/2 + 149*x. Let w(r) be the first derivative of d(r). What is w(-10)?
26
Let p(c) be the first derivative of -1/3*c**3 + 6*c - 1/4*c**4 + 258 - 1/2*c**2. Calculate p(0).
6
Suppose -116*x + 119*x = 6. Let i be -5*(x + (-164)/20). Let s = i - 27. Let f(m) = m**3 - 6*m**2 + 5*m - 3. What is f(s)?
-15
Let g(s) = s**3 + 45*s**2 + s + 50. Let o be g(-45). Let y(q) = -342*q - 351*q + o + 692*q. Determine y(0).
5
Let h be 2/(-13) + 943/299. Let v(o) = o**3 - 3*o**2 - 46*o + 148. Let d be v(h). Let a(r) = -r**3 + 11*r**2 - 11*r - 7. What is a(d)?
-17
Let r be -9*(-35)/(-15) + 6. Let u be (-27)/r*(-75)/45. Let q(v) = v**3 + v**2 - 2*v - 3. Calculate q(u).
-15
Let m = 5 + -3. Let y(o) = 2*o**2 - 8*o - 9. Let u(k) = -1. Let d(h) = -2*h + 1. Let w(x) = d(x) + 2*u(x). Let c(n) = -6*w(n) + y(n). Give c(m).
13
Let r(f) be the first derivative of -f**4/12 - 7*f**3/6 + 145*f**2/2 - 32. Let m(i) be the second derivative of r(i). Calculate m(-3).
-1
Suppose -3*b + 16 = n + 9, 0 = -2*b + 4*n. Suppose -22*v = b*v + 192. Let c(l) = l**3 + 7*l**2 - 6*l + 9. Calculate c(v).
-7
Let x(z) = -3*z - 10. Let b(u) = 2*u**3 + 9*u**2 + 5*u + 8. Let w be b(-4). Suppose 32 = -3*o - 2*s + 4*s, 5*o + 56 = w*s. Calculate x(o).
14
Let z(w) = -2*w + 4. Let d be z(5). Let i(p) be the second derivative of p**3/2 + 968*p + 24. Give i(d).
-18
Let t(z) = z**2 - 16*z - 86. Suppose -24 = -d - 2*u, 3*d = 261*u - 263*u + 64. Calculate t(d).
-6
Let r(u) = 2*u - 1. Suppose -17*j + 10*j = -210. Suppose 35*w - j*w = 45. Suppose 0 = -w*h + 2*h - 28. Give r(h).
-9
Let j(z) = 5*z - 14. Let q be j(6). Let b be 3/(-2)*q/24 + -7. Let i(v) be the first derivative of -v**2/2 - 3*v - 2. What is i(b)?
5
Suppose -4*w + 377 = 369. Let c(t) = 7*t**2 + 4 + 0*t**2 - 3*t - 8*t**2 - 5*t**w. Determine c(-3).
-41
Let g(p) = 3*p - 11. Let k = -4260 - -4260. Determine g(k).
-11
Suppose 14 = z + 49*x - 47*x, 0 = -3*x + 12. Let j(s) = -8*s + 11. What is j(z)?
-37
Let p(z) = z**3 - z**2 + z + 2. Let t(c) = 7*c**3 - 13*c**2 + 4*c + 22. Let a(f) = -6*p(f) + t(f). Let s be (8/5)/(14/35). Let v = 11 - s. Calculate a(v).
-4
Let v be (-5)/(-3)*108/90. Let g(x) = -v + 21*x - 2*x**2 - 8*x - 4*x**2 + 7*x**2. Determine g(-14).
12
Let b(q) be the first derivative of q**5/10 + q**4/6 + q**3/6 + 12*q + 101. Let x(p) be the first derivative of b(p). What is x(-1)?
-1
Suppose -42*p = 18*p - 180. Let a(z) = 7*z - 21. Determine a(p).
0
Suppose -m + 6*l = 2*l + 25, -3*l = -5*m - 91. Let a = -28 - m. Let p(r) = 2*r - 10. Determine p(a).
-32
Suppose 5*y - 16 = z, -25*y + 34 + 109 = 2*z. Let b(o) = -2*o + 2*o + 2*o. What is b(y)?
10
Let c(i) = -79*i + 20. Let a(y) = -53*y + 12. Let b(m) = 3*a(m) - 2*c(m). Let s = 9 - 17. Determine b(s).
4
Let j(c) = -16*c**2 + 19*c - 3. Let v(k) = -k**3 + 8*k**2 + 10*k - 16. Let r be v(9). Let l(o) = 7*o**2 - 10*o + 2. Let s(f) = r*l(f) - 3*j(f). Determine s(11).
17
Let n(a) = 22*a**2 - 19*a + 17*a**2 + 24*a**2 - 98*a**2 + 13 + 34*a**2. Determine n(-19).
13
Let w(d) = -385*d + 403*d + 69*d**2 - 35*d**2 - 20 - 36*d**2. Give w(7).
8
Let q(y) = 26*y + 2. Let c = -705 + 703. Determine q(c).
-50
Let m(l) = -6*l**2 - 14*l - 9. Let r(g) = -5*g**2 + 18*g + 2. Let v(y) = 7*y**2 - 19*y - 1. Let p(t) = -6*r(t) - 5*v(t). Let u(k) = -6*m(k) + 7*p(k). Give u(5).
-5
Let p be (42/(-49))/((-6)/28). Let v(o) = 12*o - 23 - 6*o + 27 + p*o**2 + o**3. Determine v(-3).
-5
Let r(l) be the s